 10*o + 13. What is s(-11)?
-119
Let t(z) = z - 16. What is t(10)?
-6
Let z(k) = -12*k**2 + 23*k - 2. What is z(2)?
-4
Let d(r) = r**2 + 26*r - 12. What is d(-27)?
15
Let s(o) = o**3 + 7*o**2 - o + 35. Give s(-8).
-21
Let g(s) = -51*s + 7. Determine g(-2).
109
Let m(o) = o**2 - 9*o + 8. Give m(8).
0
Let u(o) = 11*o + 9. Determine u(-1).
-2
Let x(s) = 3*s + 5. What is x(-3)?
-4
Let r(i) = -i**3 - 13*i**2 + 29*i - 33. Give r(-15).
-18
Let x(r) = 2*r**2 - 24*r + 1. Give x(11).
-21
Let a(p) = p**3 - 4*p**2 - 2*p - 4. Give a(5).
11
Let z(u) = -2*u + 25. Give z(10).
5
Let v(m) = m - 9. What is v(13)?
4
Let b(y) = -y**3 + 15*y**2 + 22*y - 92. What is b(16)?
4
Let p(a) = -20*a**2 + 100*a + 8. Give p(5).
8
Let h(x) = x**2 - 2*x - 42. Determine h(8).
6
Let v(p) = -4*p**2 - 5*p - 5. Give v(-4).
-49
Let p(i) = -i**2 - 7*i + 25. Determine p(-11).
-19
Let k(y) = -6*y - 24. Give k(-3).
-6
Let p(y) = -y - 1. Calculate p(-2).
1
Let l(y) = y**3 - 11*y**2 + 6*y + 18. Give l(10).
-22
Let y(v) = v**3 + 5*v**2 + 2*v - 2. Calculate y(-3).
10
Let u(i) = 3*i - 77. Give u(21).
-14
Let d(u) = u**3 + 15*u**2 + u + 18. Give d(-15).
3
Let m(o) = o**2 + 19*o - 20. What is m(-20)?
0
Let n(k) = -8*k**2 + 4*k + 5. Give n(-1).
-7
Let j(k) = k**3 + 21*k**2 - 25*k + 2. Determine j(-22).
68
Let u(y) = 16*y - 335. What is u(21)?
1
Let c(p) = 10*p**2 - 2*p + 1. What is c(2)?
37
Let y(u) = -28*u + 85. What is y(3)?
1
Let k(t) = -3*t**2 - 16*t - 5. Determine k(-5).
0
Let p(k) = -6*k + 76. What is p(18)?
-32
Let b(v) = v**2 - 17*v - 115. Give b(-5).
-5
Let u(q) = -q**3 - 23*q**2 + q - 5. Calculate u(-23).
-28
Let q(v) = 3*v**2 + 4*v - 2. What is q(3)?
37
Let q(m) = m**3 - 14*m**2 - 14*m - 2. What is q(15)?
13
Let i(d) = d**3 + 11*d**2 + 21*d + 3. Give i(-3).
12
Let l(n) = n**2 - 11*n + 2. Calculate l(10).
-8
Let t(g) = -4*g**2 - g - 1. Give t(2).
-19
Let b(x) = 15*x + 84. Calculate b(-8).
-36
Let c(z) = -2*z**2 + 3*z + 1. What is c(-3)?
-26
Let c(j) = -9*j - 21. Determine c(-3).
6
Let j(z) = z**2 + z - 26. Calculate j(-6).
4
Let d(z) = -6*z**3 + 3*z**2 - z + 2. What is d(2)?
-36
Let y(z) = 3*z**2 + 6*z. Determine y(-8).
144
Let a(f) = -2*f**2 + 7*f - 6. Calculate a(4).
-10
Let s(k) = -9*k - 80. Give s(-10).
10
Let s(r) = r**3 + 9*r**2 - 41*r - 221. Calculate s(-11).
-12
Let o(d) = -d**2 - 5*d + 31. What is o(-11)?
-35
Let h(n) = 11*n + 1. Give h(-1).
-10
Let v(i) = -i**2 - 8*i - 8. Determine v(4).
-56
Let d(s) = 2*s + 18. Calculate d(-19).
-20
Let z(n) = -n**3 - 6*n**2 - 8*n - 11. Give z(-4).
-11
Let o(f) = f**3 - 11*f**2 + 11*f - 15. Calculate o(8).
-119
Let h(b) = -3*b**2 - 2*b - 5. Give h(-3).
-26
Let b(l) = l + 60. Determine b(-24).
36
Let x(n) = -19*n**3 - 2*n + 1. What is x(1)?
-20
Let d(j) = -2*j - 7. Give d(-6).
5
Let z(o) = 51*o - 369. What is z(7)?
-12
Let i(n) = -10*n + 34. Calculate i(4).
-6
Let b(i) = -2*i**3 + 4*i**2 - 3*i - 5. Determine b(3).
-32
Let u(q) = 5*q**2 - 104*q - 16. Give u(21).
5
Let j(u) = -u + 10. What is j(6)?
4
Let n(c) = 35*c + 66. Calculate n(-2).
-4
Let u(z) = -3*z - 12. Determine u(-8).
12
Let x(g) = -10*g**3 + 50*g**2 - 2*g + 4. What is x(5)?
-6
Let i(w) = -w - 7. Calculate i(-6).
-1
Let d(q) = -9*q - 8. Determine d(2).
-26
Let w(q) = 16*q**2 + 1. Calculate w(2).
65
Let u(i) = 2*i - 12. What is u(0)?
-12
Let h(w) = -w**2 - 22*w - 22. Give h(-23).
-45
Let s(j) = j - 17. Give s(4).
-13
Let s(j) = -j**3 - 4*j**2 + 3*j + 9. Determine s(-4).
-3
Let g(d) = 8*d**3 - d**2 - 1. Calculate g(2).
59
Let p(n) = -5*n - 73. Determine p(-15).
2
Let y(p) = -2*p + 23. What is y(10)?
3
Let h(n) = n**3 + 14*n**2 - 14*n + 8. What is h(-15)?
-7
Let n(k) = k**2 - k + 7. Give n(0).
7
Let g(l) = -l**2 + 7*l + 17. What is g(-2)?
-1
Let o(k) = -k**3 + 3*k**2 + 3*k. Give o(4).
-4
Let q(u) = u**2 + 9*u - 8. Calculate q(-10).
2
Let r(b) = -b**3 - 9*b**2 - 4*b + 2. Give r(-8).
-30
Let z(c) = -2*c**2 - 13*c - 16. Calculate z(-4).
4
Let z(v) = 3*v - 13. Give z(6).
5
Let y(z) = 4*z**2 - 251*z - 66. Determine y(63).
-3
Let l(t) = -t**2 + 9*t - 5. Give l(7).
9
Let o(w) = w**3 + 3*w**2 - 11*w - 1. Calculate o(-5).
4
Let x(l) = -5*l + 101. Give x(21).
-4
Let f(z) = 4*z**2 + 27*z - 14. Calculate f(-7).
-7
Let a(p) = -3*p + 5. Calculate a(-5).
20
Let g(i) = -i**2 - 10*i + 17. Determine g(-11).
6
Let i(r) = -r**3 + 21*r**2 - 21*r + 33. Calculate i(20).
13
Let l(w) = -w**2 + w + 4. What is l(0)?
4
Let v(p) = p**3 + 12*p**2 - 12*p + 7. Determine v(-13).
-6
Let d(x) = x**3 + 5*x**2 + 1. Calculate d(-4).
17
Let r(i) = 8*i - 31. Calculate r(10).
49
Let m(p) = -p**3 - 4*p**2 + 3*p + 5. Calculate m(-4).
-7
Let x(j) = -j**3 + j**2 + j + 33. What is x(0)?
33
Let s(x) = x**3 + 2*x**2 - x - 1. Give s(1).
1
Let p(c) = c**3 + 11*c**2 - 12*c - 9. Determine p(-12).
-9
Let n(y) = 2*y**3 - 2*y**2 - 2*y - 1. Give n(-2).
-21
Let d(j) = -20*j + 356. Calculate d(18).
-4
Let m(x) = -2*x**2 + 16. What is m(0)?
16
Let v(w) = -26*w**2 - 310*w + 18. Calculate v(-12).
-6
Let g(j) = 14*j - 4. Determine g(-5).
-74
Let x(g) = -34*g**2 - 2*g. Determine x(-1).
-32
Let y(r) = 39*r + 236. Give y(-6).
2
Let v(d) = -11*d + 306. Determine v(23).
53
Let f(n) = -2*n + 18. Give f(0).
18
Let n(b) = -b + 41. Calculate n(19).
22
Let r(u) = -7*u - 20. Calculate r(-4).
8
Let k(p) = 53*p + 732. Calculate k(-14).
-10
Let z(b) = -2*b**2 + b - 1. Calculate z(3).
-16
Let w(o) = o**3 - 5*o**2 - 2*o - 1. What is w(5)?
-11
Let i(z) = -z**3 - 5*z**2 - 5*z - 4. What is i(-4)?
0
Let o(w) = 2*w**2 + 5*w - 47. What is o(-6)?
-5
Let t(r) = 2*r**2 - 7*r - 3. Calculate t(4).
1
Let y(z) = 17*z**2 + 5*z - 5. Give y(1).
17
Let v(g) = -8*g + 25. What is v(-5)?
65
Let f(v) = -v**2 + 5*v + 1. What is f(4)?
5
Let k(y) = y**3 + 11*y**2 + 20*y + 6. Determine k(-9).
-12
Let x(o) = -8*o - 28. What is x(0)?
-28
Let m(l) = -l**3 - 7*l**2 - 4*l + 10. Calculate m(-6).
-2
Let x(q) = 19*q + 7. Give x(-1).
-12
Let v(b) = b**3 - 8*b**2 - b + 3. Calculate v(8).
-5
Let b(v) = -v**3 - 4*v**2 - 5*v - 5. What is b(-4)?
15
Let d(f) = -7*f**3 + f**2 + 3*f + 8. What is d(-2)?
62
Let g(n) = n - 5. Give g(-7).
-12
Let j(x) = 10*x - 1. What is j(1)?
9
Let m(s) = -5*s + 58. Calculate m(11).
3
Let f(o) = o**3 + 25*o**2 - o - 27. What is f(-25)?
-2
Let a(k) = 5*k**2 - 34*k + 24. Determine a(6).
0
Let x(f) = f**2 + 14*f + 51. What is x(-8)?
3
Let u(o) = o**3 + 4*o**2 - 3*o + 3. What is u(-4)?
15
Let i(o) = -o**3 - 7*o**2 - 2. Calculate i(-3).
-38
Let v(y) = 2*y**2 - 13*y - 16. Calculate v(8).
8
Let r(c) = -c**3 - 9*c**2 + c + 12. Calculate r(-9).
3
Let f(d) = -3*d**2 - 3*d + 8. Give f(-4).
-28
Let x(a) = a**3 + 4*a**2 + 12*a + 22. Give x(-3).
-5
Let v(r) = 12*r**3 + r**2 + 2*r + 2. Give v(-1).
-11
Let t(k) = -25*k + 380. Determine t(15).
5
Let s(w) = w**2 - w + 2. Give s(0).
2
Let n(s) = s**3 + s**2 + s. Give n(-1).
-1
Let a(d) = -d**3 + d**2 + 2. Calculate a(0).
2
Let s(w) = w**2 - 2*w - 5. Calculate s(0).
-5
Let g(o) = -o**3 - 9*o**2 - 10*o - 6. Calculate g(-7).
-34
Let n(f) = -54*f - 55. Determine n(-2).
53
Let u(o) = o**3 - 5*o**2 - 6*o - 9. Calculate u(7).
47
Let f(z) = z**3 + 4*z**2 - 10*z - 19. Determine f(-5).
6
Let o(d) = -2*d + 64. Determine o(-12).
88
Let m(w) = -26*w - 47. Calculate m(-2).
5
Let n(s) = -5*s**2 + 2*s - 2. Give n(2).
-18
Let r(j) = -2*j - 14. What is r(-5)?
-4
Let z(r) = -3*r. Determine z(4).
-12
Let d(v) = 4*v**2 + 3*v - 10. What is d(2)?
12
Let t(w) = -2*w**2 + 4*w + 3. Give t(6).
-45
Let f(j) = j**2 + 14*j - 21. Calculate f(-15).
-6
Let p(j) = 2*j + 8. Give p(-14).
-20
Let x(a) = a**2 - 7*a + 3. Determine x(5).
-7
Let p(h) = -2*h**2 + 10. Determine p(-4).
-22
Let b(w) = -w**2 - 20*w + 15. Calculate b(-15).
90
Let n(c) = c - 22. Calculate n(0).
-22
Let l(m) = 28*m**2 - 3*m. Determine l(1).
25
Let u(z) = -z**3 - 11*z**2 - z + 16. Determine u(-11).
27
Let m(z) = z - 14. What is m(-5)?
-19
Let a(x) = -x**2 - 6*x - 7. Calculate a(-3).
2
Let v(k) = k - 12. Give v(-8).
-20
Let f(y) = y**2 - 2*y + 1. Determine f(1).
0
Let n(q) = 3*q**2 + 2*q + 1. Calculate n(-2).
9
Let g(f) = f**2 - 17*f - 3. Determine g(18).
15
Let z(m) = -m**3 - 2*m**2 + 7*m - 13. Give z(3).
-37
Let u(v) = v**2 + 4*v - 9. What is u(-8)?
23
Let j(q) = -q**3 - 5*q**2 - 7*q + 1. Give j(-3).
4
Let g(m) = -m + 4. What is g(7)?
-3
Let z(s) = 13*s**2 + 2*s. Determine z(-2).
48
Let u(l) = 10*l**2